{"id":9,"date":"2025-05-30T06:51:05","date_gmt":"2025-05-30T06:51:05","guid":{"rendered":"https:\/\/omcshop.giaiphapyte.com\/?page_id=9"},"modified":"2026-01-04T09:03:13","modified_gmt":"2026-01-04T09:03:13","slug":"trang-chu","status":"publish","type":"page","link":"https:\/\/omcshop.giaiphapyte.com\/","title":{"rendered":""},"content":{"rendered":"\n<div class=\"wp-block-cover alignfull has-accent-1-color has-text-color has-link-color wp-elements-17313050e797b6fbd5fd82107fe4953e\" style=\"margin-top:0;margin-bottom:0;padding-top:200px;padding-right:var(--wp--preset--spacing--50);padding-bottom:200px;padding-left:var(--wp--preset--spacing--50);min-height:100vh;aspect-ratio:unset;\"><img decoding=\"async\" class=\"wp-block-cover__image-background\" alt=\"\u1ea2nh ch\u1ee5p m\u1ed9t c\u00e1nh \u0111\u1ed3ng \u0111\u1ea7y hoa, b\u1ea7u tr\u1eddi xanh v\u00e0 m\u1ed9t c\u00e1i c\u00e2y.\" src=\"https:\/\/omcshop.giaiphapyte.com\/wp-content\/themes\/twentytwentyfive\/assets\/images\/coming-soon-bg-image.webp\" data-object-fit=\"cover\"\/><span aria-hidden=\"true\" class=\"wp-block-cover__background has-background-dim-10 has-background-dim\"><\/span><div class=\"wp-block-cover__inner-container has-global-padding is-layout-constrained wp-container-core-cover-is-layout-d47c59a2 wp-block-cover-is-layout-constrained\">\n<h3 class=\"wp-block-heading has-text-align-center has-xx-large-font-size\">\u0110i\u1ec1u g\u00ec \u0111\u00f3 tuy\u1ec7t v\u1eddi s\u1eafp ra m\u1eaft<\/h3>\n\n\n\n<p class=\"has-text-align-center\">\u0110\u0103ng k\u00fd \u0111\u1ec3 \u0111\u01b0\u1ee3c th\u00f4ng b\u00e1o khi trang web c\u1ee7a ch\u00fang t\u00f4i s\u1eb5n s\u00e0ng.<\/p>\n<\/div><\/div>\n\n\n\n<pre class=\"wp-block-code\"><code>@media print {\n  @page {\n    size: A5 portrait;\n    margin: 8mm;\n  }\n\n  body {\n    font-size: 12px;\n    line-height: 1.4;\n  }\n\n  .erp-invoice-wrap,\n  .erp-invoice-container {\n    width: 100% !important;\n    max-width: 100% !important;\n  }\n\n  .erp-invoice-header img {\n    max-height: 60px;\n  }\n\n  .no-print {\n    display: none !important;\n  }\n}\n.erp-invoice-title {\n  display: none;\n}\n<\/code><\/pre>\n","protected":false},"excerpt":{"rendered":"","protected":false},"author":1,"featured_media":0,"parent":0,"menu_order":0,"comment_status":"closed","ping_status":"closed","template":"","meta":{"footnotes":""},"class_list":["post-9","page","type-page","status-publish","hentry"],"_links":{"self":[{"href":"https:\/\/omcshop.giaiphapyte.com\/index.php?rest_route=\/wp\/v2\/pages\/9","targetHints":{"allow":["GET"]}}],"collection":[{"href":"https:\/\/omcshop.giaiphapyte.com\/index.php?rest_route=\/wp\/v2\/pages"}],"about":[{"href":"https:\/\/omcshop.giaiphapyte.com\/index.php?rest_route=\/wp\/v2\/types\/page"}],"author":[{"embeddable":true,"href":"https:\/\/omcshop.giaiphapyte.com\/index.php?rest_route=\/wp\/v2\/users\/1"}],"replies":[{"embeddable":true,"href":"https:\/\/omcshop.giaiphapyte.com\/index.php?rest_route=%2Fwp%2Fv2%2Fcomments&post=9"}],"version-history":[{"count":5,"href":"https:\/\/omcshop.giaiphapyte.com\/index.php?rest_route=\/wp\/v2\/pages\/9\/revisions"}],"predecessor-version":[{"id":81,"href":"https:\/\/omcshop.giaiphapyte.com\/index.php?rest_route=\/wp\/v2\/pages\/9\/revisions\/81"}],"wp:attachment":[{"href":"https:\/\/omcshop.giaiphapyte.com\/index.php?rest_route=%2Fwp%2Fv2%2Fmedia&parent=9"}],"curies":[{"name":"wp","href":"https:\/\/api.w.org\/{rel}","templated":true}]}}